se -o = 2*m - 5*l, 4*l + 14 = 4*m + 2. What is the units digit of m?
7
Let y = 34 + -17. Let l(g) = g - 1. Let h be l(1). Let j = h + y. What is the tens digit of j?
1
Let b be (3/(-1))/(-6)*14. Suppose -2*w = -b*w + 75. What is the units digit of w?
5
Let m(b) = -b + 5. Let j be m(0). Suppose n - j*q = -25, -4*q - 8 + 28 = 5*n. Suppose n = -2*d + 4 + 8. What is the units digit of d?
6
Suppose 0 = -3*k + 2*o - 60 + 13, o + 81 = -4*k. Let q = k + 37. What is the tens digit of q?
1
Let b = -28 + 98. What is the tens digit of b?
7
Suppose 0 = 2*w - 4*w + 80. What is the tens digit of w?
4
Let s = -3 - -7. Suppose -2*b = -0*o - o + 16, -b - s = 0. What is the units digit of o?
8
Suppose 0 = -2*f - 2*f + 516. Let q = 205 - f. What is the units digit of (-2)/(-8) + q/16?
5
Suppose -i - 3*q - 11 = -2*i, 0 = 2*i + 5*q. What is the units digit of i?
5
Suppose -9 = -3*h + 2*h + k, 17 = 2*h - 3*k. Let x(u) be the second derivative of u**4/12 - 3*u**3/2 - 2*u**2 + 2*u. What is the units digit of x(h)?
6
Suppose 59 - 203 = -6*s. What is the tens digit of s?
2
What is the units digit of (-3)/2 - (-100)/8?
1
Let z = 15 - 75. Let f = z + 108. What is the units digit of f?
8
Let p(b) = -2*b. Suppose -3*j = -15, -4*d - 49 = -7*j + 2*j. Let m be p(d). Suppose 4*h - m = h. What is the units digit of h?
4
Let o be -4*(-2)/(-8)*-2. Suppose -o*i + 15 = t, -26 = -4*i + 2*t - 0*t. What is the units digit of i?
7
Let v(d) = d. Let h(u) = -5*u + 6. Let i(c) = h(c) + 6*v(c). What is the units digit of i(7)?
3
Suppose -r + 99 = z - 3*r, r - 269 = -3*z. What is the units digit of z?
1
Let t be 0 + 1 + 1 + -3. What is the units digit of (-6 + 7)*(t - -10)?
9
What is the tens digit of 111/4 - 3 - 5/(-20)?
2
Let r be (-2 + 3)/1*1. Let t(y) = 1. Let i(c) = 3*c + 2. Let d(u) = r*i(u) - 5*t(u). What is the units digit of d(4)?
9
Let n(t) = t**2 + t - 1. Let z = -6 + 1. Let q be n(z). Suppose 3*m - 58 + q = 0. What is the units digit of m?
3
Suppose -3*g = -46 - 152. Suppose -5*p = -2*p - g. Let v = p - 6. What is the units digit of v?
6
What is the tens digit of -8*4/(-224) - 678/(-7)?
9
Suppose -5*u = 5*t - 45, -5*t - 2*u = -3*u - 21. What is the tens digit of (76/(-20))/((-1)/t)?
1
Let b be (18/12)/(3/4). Let y be (2/(-6))/(b/(-24)). Suppose y*h + 5 + 0 = -a, 4*a - 43 = 5*h. What is the units digit of a?
7
Suppose 0 = 4*o - g - 407, -7*g + 2*g - 199 = -2*o. What is the hundreds digit of o?
1
Let k = 23 - 11. Suppose -5*u = -2*u - k. What is the units digit of u?
4
Suppose -3*j = j - 56. Suppose 4*d - 2*n = j, -5*d + n - 2*n = 0. What is the units digit of d?
1
Suppose 0 = -5*a + 4*a + 1. What is the tens digit of 38 - (-4)/4*a?
3
Let p(r) = 9*r - 6 - 1 + r**2 - 8. What is the units digit of p(-12)?
1
Let p(r) = 3*r - r + 14 + 7 - 9. What is the units digit of p(10)?
2
Let z be 1/((-3)/24) + 0. Let l(x) = 2*x - 10. Let r be l(z). What is the units digit of r/(-6) + (-20)/(-30)?
5
Let u = 84 + -13. What is the tens digit of u?
7
Suppose -4*j = -5*j + 132. What is the tens digit of j?
3
Let x(z) = 2*z - 1. What is the units digit of x(10)?
9
Let g be 2*1/(-1) - -8. Let v(t) = -6 - g*t - 2*t**2 + 3*t**2 + 0*t**2 + t**2. What is the tens digit of v(5)?
1
Let n = -36 - -65. Suppose h + 25 = -t - 0*t, -4*h - 37 = t. Let s = n + t. What is the units digit of s?
8
Let a(l) = -l**3 - 7*l**2 + 9. Let m(g) = -g**2 - 1. Let t(h) = a(h) - 6*m(h). What is the tens digit of t(0)?
1
Let x = 5 + -4. Let b = x - -1. Suppose 0 = 2*v + b*v - 56. What is the units digit of v?
4
Suppose 5*v - l + 3*l = 29, -3*l + 26 = 5*v. Let c = v + -5. Suppose 0 = -c*z + z - 2*g - 3, 5 = -g. What is the units digit of z?
7
Suppose -5*i - 1 = 2*m, -2*i + 2 = -m - 6*i. Let s be (-1)/(2/(-4)*m). What is the units digit of s/1 + -5 + 9?
5
Let o = 0 + 18. What is the units digit of o?
8
Let d = 38 - -17. Let x = d - 39. What is the units digit of x?
6
Suppose 4*k = 4*p + k + 18, -4 = 4*p + 4*k. Let r = 4 + p. Let a = r - -5. What is the units digit of a?
6
Suppose -18 = -3*z - 5*k + 211, z = 3*k + 53. What is the units digit of z?
8
Suppose -5*x + 3*v = -204, 0 = 2*x - 3*v - 82 - 5. Suppose 171 = 5*h - x. What is the tens digit of h?
4
Let d be 0 + 2 + 2 - 0. Suppose h - d*l + 2 + 5 = 0, 5*l = -3*h + 13. What is the units digit of h?
1
Let g(q) = 2*q**2 - 2*q + 1. What is the units digit of g(-3)?
5
Let o = 92 + 53. What is the units digit of o?
5
Let c be -20 + (-1 - -2)*-2. Let s(r) = -r**3 - 3*r**2 + 2*r + 5. Let b be s(-3). Let q = b - c. What is the units digit of q?
1
Let y(t) = -t**3 + 5*t**2 + 8*t - 3. What is the units digit of y(6)?
9
Let m = 269 + -172. What is the units digit of m?
7
Let r be 7/2 - (-3)/6. Suppose 5*k + 110 = 4*y, 135 = r*y - k + 17. What is the tens digit of y?
3
Let d(i) = -i + 15. Suppose 4*w + 39 = 5*c, -14 = -2*w + 3*w + 3*c. What is the tens digit of d(w)?
2
Let a(h) = h**3 + 4*h**2 + h - 2. Let d be a(-4). What is the units digit of (78/(-13))/(4/d)?
9
Let w(z) = 2*z**2 + 2*z + 7. Let l be w(-3). What is the tens digit of (l/2)/(9/36)?
3
Suppose 2*l - 100 = -3*l. Suppose -3*k + u = k - 89, l = k - u. What is the tens digit of k?
2
Let h(g) = -g**2 + 3*g + 9. Let y be h(5). What is the tens digit of 0 + 3 + y - -49?
5
Let b = 1 + -2. Let r be 1 + 2*b - 6. Let d = 1 - r. What is the units digit of d?
8
Let h(w) = 5*w + 1. Let z be h(-2). Let p = 14 + z. Suppose -5*l - 40 = -p*s, 3*s - 5*l - 13 = s. What is the units digit of s?
9
Let h be (-24)/(-20)*(-10)/(-3). Suppose -9 = t - h*t. Suppose 2*z + t*p - 11 = 0, 3*z - 3*p - 32 = 7. What is the units digit of z?
0
Let l = -214 - -307. What is the units digit of l?
3
Let d be 1*(14/(-2) - -2). Let f = d + 3. What is the units digit of (6/(-18))/(f/6)?
1
Suppose 5*u + 2*p - 1251 = 482, 0 = 3*u + 4*p - 1051. What is the units digit of u?
5
Suppose l + 6 = b, 4*b - 2*l - 21 = -l. Suppose -b*h - 35 = -100. What is the tens digit of h?
1
Suppose -2*r + 2 = -0. What is the units digit of r?
1
Suppose 4309 = -4*o - 487. What is the tens digit of o/(-77) - (-8)/(-14)?
1
Suppose -3*v - 2*z = -80, -5*v + 4*z + 110 = -2*v. What is the tens digit of v?
3
Suppose -5*m + 196 = -374. What is the units digit of m?
4
Suppose 5*g = -3*z + 2*z - 20, 0 = -4*g + 4. Let r = -18 - z. What is the units digit of r?
7
Let v(k) = -3*k. Let u be v(-5). Suppose b + 0*o + 3*o = u, o + 44 = 2*b. Suppose -a = -4*a + b. What is the units digit of a?
7
Suppose 0*r + 3*r + 196 = 2*y, 291 = 3*y - 3*r. What is the units digit of y?
5
Suppose 3*z = -4*z - 21. Let a = z - -25. What is the units digit of a?
2
Let w(v) = -3*v**3 + 2*v**2 - 3*v - 1. Let s(k) = -k**2 + k. Let g(c) = -s(c) - w(c). Let m be g(2). What is the units digit of (20/m)/(4/30)?
6
Suppose 11 = -2*r + 77. What is the units digit of r?
3
Suppose -n + 5*n = -3*m + 20, -5*n + 10 = 0. Suppose -m*i - 1 = -9. Suppose i = 4*l - 26. What is the units digit of l?
7
Let g(i) be the third derivative of i**5/60 + 3*i**4/8 + 5*i**3/6 + 6*i**2. What is the units digit of g(-9)?
5
Let z(y) = y**2 + 2*y + 1. Let h be z(-3). Let u(l) be the first derivative of l**2/2 + l - 1. What is the units digit of u(h)?
5
Suppose 0 = 6*y - y - 205. What is the tens digit of y?
4
Let z(m) = -3*m**2 - 6*m - 3. Let g be z(-2). Let j(w) = w**2 - w - 1. What is the units digit of j(g)?
1
Let u = 9 - 25. Let g = u + 30. What is the units digit of g?
4
Let m(t) = -67*t + 7. What is the tens digit of m(-2)?
4
Let s be 3 + 0 - (-6 - -6). Let l = 10 - s. What is the units digit of l?
7
What is the units digit of 5*-2*(3 - 5)?
0
Let w(i) be the third derivative of -i**5/60 + 3*i**4/8 - i**3 - 3*i**2. What is the units digit of w(7)?
8
Suppose 0 = 3*y - 4*s - 500 + 198, -107 = -y - 5*s. What is the units digit of y?
2
Let q = -1 + 7. Let w = q + 4. What is the tens digit of w?
1
Let d = 9 - -3. Let a be (-5)/((-15)/d) - 0. Suppose -s = s - a. What is the units digit of s?
2
Suppose 682 = 3*v - 371. What is the hundreds digit of v?
3
What is the tens digit of 4/(-14) + 1772/28?
6
Let d(v) = -v + 12. Let g be d(10). Suppose 0*f = -5*f. Suppose 13 = 3*o - 5*p, -o + g*p - 4*p + 8 = f. What is the units digit of o?
6
What is the tens digit of 3*(-3 + (-1030)/(-15))?
9
Suppose 20 = -2*d + 6*d - 3*y, 0 = 4*y. Suppose -d*s = 4*j - 24, -3*j = -0*s - s